937979?
False
Is 70 a factor of 2078790?
True
Is 157 a factor of 17003618?
False
Does 70 divide 83720?
True
Is 413294 a multiple of 33?
False
Is 1631962 a multiple of 24?
False
Is 36540 a multiple of 45?
True
Is 77077 a multiple of 121?
True
Does 65 divide 238810?
True
Is 9 a factor of 1303002?
True
Does 192 divide 330684?
False
Is 5 a factor of 25633?
False
Does 8 divide 102950?
False
Is 2513987 a multiple of 67?
False
Does 21 divide 139734?
True
Does 126 divide 15269184?
True
Does 22 divide 1049182?
False
Is 417784 a multiple of 644?
False
Does 477 divide 32416443?
True
Does 331 divide 610058?
False
Does 51 divide 497635?
False
Is 1983290 a multiple of 480?
False
Does 548 divide 24112548?
True
Is 212 a factor of 761840?
False
Is 88101 a multiple of 753?
True
Does 12 divide 342768?
True
Is 164 a factor of 3162020?
False
Does 176 divide 264082?
False
Is 21 a factor of 1963640?
False
Is 2811406 a multiple of 3?
False
Is 20 a factor of 1339732?
False
Is 51681 a multiple of 69?
True
Does 19 divide 17176?
True
Is 2 a factor of 68496?
True
Is 18725332 a multiple of 33?
False
Is 400258 a multiple of 52?
False
Is 43 a factor of 4989065?
False
Does 8 divide 2168454?
False
Does 47 divide 7802564?
True
Is 255150 a multiple of 35?
True
Is 128677 a multiple of 8?
False
Is 12 a factor of 677736?
True
Does 139 divide 12980?
False
Is 41139 a multiple of 5?
False
Is 5 a factor of 332421?
False
Is 282844 a multiple of 31?
True
Does 364 divide 168000?
False
Does 26 divide 552547?
False
Is 2514971 a multiple of 149?
True
Is 7463672 a multiple of 106?
True
Is 43961 a multiple of 62?
False
Is 46 a factor of 289248?
True
Does 1159 divide 3193337?
False
Is 111 a factor of 1858473?
True
Is 42 a factor of 561918?
True
Does 63 divide 31437?
True
Is 15180 a multiple of 5?
True
Is 3873803 a multiple of 1035?
False
Is 2567670 a multiple of 105?
True
Does 43 divide 1971636?
True
Does 16 divide 280352?
True
Is 84084 a multiple of 1001?
True
Is 227 a factor of 44931?
False
Is 5267942 a multiple of 22?
False
Does 2396 divide 15820788?
True
Is 575127 a multiple of 9?
True
Is 305 a factor of 165615?
True
Is 15 a factor of 91365?
True
Does 8 divide 1344680?
True
Does 266 divide 187546?
False
Is 10 a factor of 101896?
False
Does 1176 divide 3276336?
True
Is 98776 a multiple of 15?
False
Does 790 divide 6238255?
False
Is 115 a factor of 5947685?
True
Is 511902 a multiple of 18?
True
Is 2236554 a multiple of 15?
False
Is 6 a factor of 2243704?
False
Does 5 divide 1413293?
False
Does 5 divide 2145656?
False
Does 52 divide 28184?
True
Is 3666384 a multiple of 24?
True
Is 24752 a multiple of 26?
True
Is 15402 a multiple of 34?
True
Does 178 divide 286903?
False
Is 11831886 a multiple of 33?
True
Is 2168339 a multiple of 2?
False
Is 6474240 a multiple of 240?
True
Does 20 divide 55445?
False
Is 687777 a multiple of 23?
False
Is 7222 a multiple of 2?
True
Is 2425745 a multiple of 313?
False
Is 6126560 a multiple of 22?
True
Does 251 divide 14558?
True
Is 22 a factor of 11416408?
False
Does 127 divide 2754853?
False
Is 623354 a multiple of 148?
False
Is 5 a factor of 125973?
False
Does 28 divide 77358?
False
Does 88 divide 535216?
True
Is 5140969 a multiple of 42?
False
Does 46 divide 1277144?
True
Is 577361 a multiple of 467?
False
Is 79 a factor of 676930?
False
Does 1115 divide 22768571?
False
Is 8 a factor of 439653?
False
Does 12 divide 466760?
False
Does 751 divide 3041313?
False
Is 26 a factor of 149500?
True
Is 366 a factor of 785070?
True
Does 28 divide 112700?
True
Is 340399 a multiple of 268?
False
Is 732627 a multiple of 29?
True
Is 5 a factor of 983620?
True
Is 373 a factor of 390453?
False
Does 55 divide 88990?
True
Is 568998 a multiple of 82?
True
Is 1403093 a multiple of 45?
False
Is 50 a factor of 299910?
False
Is 126280 a multiple of 56?
True
Is 504 a factor of 16161264?
True
Does 7 divide 2475371?
False
Is 278031 a multiple of 13?
True
Is 106 a factor of 25308?
False
Is 1081 a factor of 532933?
True
Does 583 divide 17903930?
True
Does 74 divide 17563086?
True
Does 100 divide 47608?
False
Does 11 divide 572055?
True
Is 184177 a multiple of 45?
False
Is 455300 a multiple of 68?
False
Is 64 a factor of 345790?
False
Is 10222587 a multiple of 2217?
True
Is 574245 a multiple of 15?
True
Is 818403 a multiple of 303?
True
Is 192 a factor of 3653952?
True
Is 19 a factor of 258722?
False
Is 148356 a multiple of 4?
True
Is 5779687 a multiple of 1564?
False
Is 84 a factor of 13524?
True
Is 89 a factor of 3258290?
True
Is 1260008 a multiple of 478?
True
Is 606364 a multiple of 22?
True
Does 744 divide 354144?
True
Is 943 a factor of 15054052?
True
Is 70 a factor of 645820?
True
Does 31 divide 625394?
True
Is 4963772 a multiple of 178?
False
Does 2 divide 144161?
False
Does 1981 divide 10138758?
True
Is 361728 a multiple of 125?
False
Is 645285 a multiple of 999?
False
Does 14 divide 2594060?
True
Is 13 a factor of 7686562?
True
Is 3694920 a multiple of 82?
True
Is 7305897 a multiple of 617?
True
Does 7 divide 83461?
True
Is 3 a factor of 257101?
False
Does 20 divide 1422140?
True
Does 867 divide 8130101?
False
Does 801 divide 1207230?
False
Does 230 divide 4064330?
True
Does 81 divide 234602?
False
Does 328 divide 4592?
True
Does 17 divide 3655?
True
Is 22 a factor of 312092?
True
Is 380 a factor of 802180?
True
Is 59 a factor of 265485?
False
Is 30 a factor of 242790?
True
Is 118 a factor of 49283?
False
Does 14 divide 5156032?
True
Is 1575843 a multiple of 219?
False
Does 215 divide 6198235?
True
Does 26 divide 321578?
False
Is 234066 a multiple of 168?
False
Is 25 a factor of 1671646?
False
Is 839 a factor of 8092155?
True
Is 393125 a multiple of 425?
True
Is 54 a factor of 22635888?
False
Is 393987 a multiple of 33?
True
Does 618 divide 3884534?
False
Is 509 a factor of 181713?
True
Is 249804 a multiple of 9?
True
Is 80766 a multiple of 42?
True
Is 20 a factor of 107800?
True
Is 416271 a multiple of 57?
True
Is 1556400 a multiple of 16?
True
Is 9 a factor of 1751784?
False
Is 18 a factor of 5085036?
True
Does 4 divide 465852?
True
Is 236 a factor of 215704?
True
Is 222 a factor of 102786?
True
Is 483 a factor of 439530?
True
Does 328 divide 611064?
True
Is 39 a factor of 57876?
True
Does 13 divide 30086342?
True
Is 2 a factor of 16962?
True
Is 23 a factor of 293480?
True
Is 939966 a multiple of 219?
False
Does 3 divide 243596?
False
Is 120651 a multiple of 307?
True
Is 78 a factor of 162268?
False
Does 13 divide 126555?
True
Is 13 a factor of 132613?
True
Is 79044 a multiple of 28?
True
Is 290 a factor of 3480?
True
Is 14508 a multiple of 93?
True
Is 5126408 a multiple of 31?
True
Is 44 a factor of 3608?
True
Is 768101 a multiple of 310?
False
Is 1177 a factor of 258542?
False
Does 13 divide 4870437?
True
Is 403261 a multiple of 50?
False
Is 45 a factor of 64305?
True
Is 2909 even?
False
Is 556650 a multiple of 18?
True
Is 66 a factor of 4163426?
False
Is 363568 a multiple of 31?
True
Does 30 divide 6109567?
False
Is 115323 a multiple of 150?
False
Is 276888 a multiple of 498?
True
Is 53 a factor of 65720?
True
Is 232 a factor of 121104?
True
Is 529992 a multiple of 51?
True
Is 514 a factor of 945246?
True
Is 175 a factor of 152950?
True
Does 7 divide 4076590?
True
Is 235171 a multiple of 416?
False
Does 15 divide 16929?
False
Is 1936 a multiple of 4?
True
Does 147 divide 157143?
True
Is 16424324 a multiple of 29?
True
Is 15 a factor of 806886?
False
Does 23 divide 96602?
False
Is 214 a factor of 50504?
True
Is 365 a factor of 12950954?
False
Is 683 a factor of 1591380?
False
Is 5323764 a multiple of 276?
True
Does 9 divide 138861?
True
Does 50 divide 5228350?
True
Does 139 divide 2050789?
False
Is 5 a factor of 7745?
True
Does 15 divide 480395?
False
Is 7570190 a multiple of 17?
False
Is 18 a factor of 14212368?
True
Is 55 a factor of 186670?
True
Is 37 a factor of 145151?
True
Does 48 divide 1589472?
True
Is 69 a factor of 1047282?
True
Is 11100453 a multiple of 1533?
True
Is 26 a factor of 3944057?
False
Is 310080 a multiple of 16?
True
Is 208 a factor of 1035424?
True
Does 111 divide 10265327?
False
Does 7 divide 2105?
False
Is 255138 a multiple of 26?
True
Does 135 divide 1290735?
True
Is 142 a factor of 381696?
True
Is 62 a factor of 453?
False
Is 677204 a multiple 